ue
Is 11 a factor of 62?
False
Is 35 a factor of 665?
True
Is 1870 a multiple of 17?
True
Does 4 divide 45?
False
Is 16 a factor of 5775?
False
Does 9 divide 315?
True
Is 8 a factor of 754?
False
Is 6 a factor of 198?
True
Does 59 divide 503?
False
Does 22 divide 936?
False
Is 23582 a multiple of 13?
True
Does 69 divide 276?
True
Is 182 a factor of 44590?
True
Does 12 divide 1211?
False
Does 12 divide 1764?
True
Does 6 divide 2399?
False
Is 115025 a multiple of 43?
True
Does 5 divide 683?
False
Does 14 divide 12877?
False
Is 5009 a multiple of 15?
False
Is 10506 a multiple of 102?
True
Does 14 divide 2730?
True
Is 5580 a multiple of 9?
True
Does 42 divide 714?
True
Is 19154 a multiple of 9?
False
Is 12 a factor of 85344?
True
Is 43 a factor of 10254?
False
Is 18 a factor of 18051?
False
Is 2645 a multiple of 23?
True
Is 32841 a multiple of 9?
True
Is 1512 a multiple of 36?
True
Is 12 a factor of 276?
True
Does 12 divide 461?
False
Does 13 divide 11518?
True
Is 33 a factor of 286?
False
Is 94 a factor of 1699?
False
Does 9 divide 34243?
False
Does 24 divide 336?
True
Does 3 divide 103?
False
Is 24663 a multiple of 23?
False
Is 27 a factor of 635?
False
Is 4 a factor of 423?
False
Does 19 divide 304?
True
Is 40 a factor of 13840?
True
Is 1177 a multiple of 11?
True
Does 41 divide 2454?
False
Does 6 divide 11216?
False
Is 15736 a multiple of 8?
True
Is 45963 a multiple of 9?
True
Is 828 a multiple of 18?
True
Is 630 a multiple of 5?
True
Does 13 divide 611?
True
Is 1785 a multiple of 119?
True
Is 12406 a multiple of 17?
False
Is 43 a factor of 12968?
False
Is 7 a factor of 8134?
True
Is 10152 a multiple of 24?
True
Is 53 a factor of 11925?
True
Is 41586 a multiple of 4?
False
Is 22 a factor of 3015?
False
Is 138 a factor of 761?
False
Is 6076 a multiple of 4?
True
Is 11192 a multiple of 177?
False
Is 179 a factor of 20406?
True
Is 2003 a multiple of 6?
False
Is 9 a factor of 1197?
True
Does 3 divide 5219?
False
Is 7328 a multiple of 71?
False
Is 19 a factor of 10278?
False
Is 7020 a multiple of 29?
False
Is 11380 a multiple of 7?
False
Is 15720 a multiple of 12?
True
Is 8 a factor of 56?
True
Is 100 a multiple of 14?
False
Does 23 divide 69?
True
Does 10 divide 17800?
True
Does 84 divide 49308?
True
Is 4212 a multiple of 26?
True
Is 4 a factor of 2700?
True
Does 34 divide 127262?
True
Does 15 divide 1560?
True
Is 3955 a multiple of 29?
False
Does 102 divide 10812?
True
Does 65 divide 47931?
False
Is 20 a factor of 80?
True
Is 32152 a multiple of 183?
False
Is 34048 a multiple of 54?
False
Does 8 divide 1272?
True
Is 2058 a multiple of 3?
True
Is 13 a factor of 548?
False
Is 106 a factor of 2075?
False
Is 58 a factor of 2373?
False
Does 49 divide 57677?
False
Is 127 a multiple of 25?
False
Is 11717 a multiple of 187?
False
Is 105 a multiple of 68?
False
Is 49 a multiple of 2?
False
Does 48 divide 907?
False
Is 9 a factor of 180?
True
Is 2520 a multiple of 210?
True
Is 58 a factor of 3940?
False
Does 70 divide 102830?
True
Does 24 divide 9720?
True
Is 225 a multiple of 15?
True
Is 3 a factor of 87?
True
Is 7237 a multiple of 138?
False
Is 2 a factor of 1152?
True
Is 621 a multiple of 23?
True
Does 222 divide 43521?
False
Does 94 divide 282?
True
Does 71 divide 18034?
True
Is 12 a factor of 780?
True
Is 3825 a multiple of 75?
True
Is 2321 a multiple of 70?
False
Does 3 divide 243?
True
Is 8 a factor of 266?
False
Does 84 divide 40828?
False
Is 8050 a multiple of 9?
False
Is 181 a factor of 5973?
True
Does 24 divide 1944?
True
Is 21 a factor of 609?
True
Is 662 a multiple of 4?
False
Does 5 divide 1377?
False
Is 21 a factor of 8997?
False
Does 5 divide 225?
True
Is 1107 a multiple of 41?
True
Is 19 a factor of 1014?
False
Is 1449 a multiple of 2?
False
Does 5 divide 12717?
False
Does 76 divide 10508?
False
Does 26 divide 31312?
False
Does 10 divide 480?
True
Is 12 a factor of 4872?
True
Is 7 a factor of 940?
False
Does 25 divide 5650?
True
Is 44 a factor of 132?
True
Is 17 a factor of 326?
False
Is 1043 even?
False
Is 912 a multiple of 12?
True
Is 6 a factor of 28938?
True
Does 12 divide 324?
True
Is 39459 a multiple of 189?
False
Is 13 a factor of 13?
True
Does 5 divide 1250?
True
Does 44 divide 18158?
False
Is 1450 a multiple of 5?
True
Is 12881 a multiple of 133?
False
Does 37 divide 12136?
True
Does 48 divide 28979?
False
Is 2 a factor of 1257?
False
Does 20 divide 11733?
False
Is 832 a multiple of 7?
False
Does 8 divide 1992?
True
Is 20 a factor of 191?
False
Does 17 divide 3048?
False
Does 11 divide 1122?
True
Does 36 divide 385?
False
Is 18 a factor of 33786?
True
Is 5 a factor of 248?
False
Is 290 a multiple of 5?
True
Is 22 a multiple of 2?
True
Is 140 a factor of 6020?
True
Is 3246 a multiple of 25?
False
Does 40 divide 2280?
True
Is 2 a factor of 971?
False
Does 42 divide 7854?
True
Is 16 a factor of 92?
False
Is 756 a multiple of 27?
True
Is 438 a multiple of 2?
True
Is 927 a multiple of 30?
False
Does 12 divide 8526?
False
Is 13 a factor of 1235?
True
Is 24 a multiple of 6?
True
Does 31 divide 692?
False
Does 8 divide 152?
True
Is 17 a factor of 527?
True
Is 20 a factor of 2680?
True
Is 995 a multiple of 12?
False
Is 15 a factor of 15133?
False
Does 14 divide 236?
False
Is 372 a multiple of 62?
True
Is 978 a multiple of 3?
True
Is 600 a multiple of 25?
True
Is 26 a factor of 35436?
False
Does 18 divide 324?
True
Does 26 divide 64?
False
Does 23 divide 1196?
True
Is 147 a factor of 23079?
True
Does 34 divide 3440?
False
Is 5 a factor of 235?
True
Is 26 a factor of 4789?
False
Does 29 divide 1537?
True
Does 73 divide 143321?
False
Does 61 divide 1464?
True
Is 18 a factor of 189?
False
Is 309 a multiple of 16?
False
Is 644 a multiple of 4?
True
Is 3717 a multiple of 9?
True
Is 18585 a multiple of 21?
True
Is 5 a factor of 615?
True
Is 14651 a multiple of 19?
False
Is 10175 a multiple of 31?
False
Does 19 divide 20345?
False
Does 62 divide 18042?
True
Is 5 a factor of 3369?
False
Does 6 divide 886?
False
Does 16 divide 386?
False
Is 23 a factor of 644?
True
Does 20 divide 13968?
False
Is 1975 a multiple of 82?
False
Is 57 a factor of 32693?
False
Does 4 divide 212?
True
Does 14 divide 1053?
False
Does 3 divide 2384?
False
Does 211 divide 36020?
False
Is 755 a multiple of 91?
False
Is 29 a factor of 26651?
True
Is 3780 a multiple of 14?
True
Is 121 a multiple of 28?
False
Is 4 a factor of 74?
False
Does 24 divide 4063?
False
Is 12 a factor of 1310?
False
Does 7 divide 236?
False
Does 21 divide 630?
True
Is 3129 a multiple of 50?
False
Is 12 a factor of 31236?
True
Is 2451 a multiple of 19?
True
Does 47 divide 499?
False
Does 47 divide 2513?
False
Is 1480 a multiple of 20?
True
Is 845 a multiple of 5?
True
Does 42 divide 128562?
True
Does 104 divide 8008?
True
Is 800 a multiple of 16?
True
Does 43 divide 10397?
False
Is 2958 a multiple of 34?
True
Does 16 divide 13862?
False
Does 11 divide 8330?
False
Does 51 divide 51299?
False
Is 3 a factor of 24?
True
Is 6 a factor of 762?
True
Is 1730 a multiple of 38?
False
Is 123 a factor of 4634?
False
Is 32 a factor of 95974?
False
Is 35 a factor of 38502?
False
Is 89 a factor of 1691?
True
Does 22 divide 33154?
True
Is 39 a factor of 3198?
True
Is 5 a factor of 165?
True
Does 60 divide 4380?
True
Is 24 a factor of 376?
False
Does 41 divide 92?
False
Is 112 a factor of 13196?
False
Is 5785 a multiple of 65?
True
Does 6 divide 252?
True
Is 2912 a multiple of 52?
True
Does 5 divide 7852?
False
Is 38 a factor of 730?
False
Is 208 a multiple of 26?
True
Is 22 a factor of 698?
False
Does 17 divide 1836?
True
Does 27 divide 106107?
False
Does 7 divide 14247?
False
Is 38 a factor of 1652?
False
Is 76 a factor of 668?
False
Is 31 a factor of 8122?
True
Does 10 divide 250?
True
Is 19 a factor of 3952?
True
Is 3440 a multiple of 40?
True
Is 4873 a multiple of 43?
False
Does 55 divide 334?
False
Is 11877 a multiple of 276?
False
Does 42 divide 2688?
True
Is 46002 a multiple of 66?
True
Is 7560 a multiple of 36?
True
Does 4 divide 2698?
False
Is 146 a factor of 28439?
False
Does 30 divide 1166?
False
Does 3 divide 1336?
False
Is 56939 a multiple of 17?
False
Is 210 a factor of 19110?
True
Does 16 divide 423?
False
Is 1103 a multiple of 48?
False
Does 101 divide 12625?
True
Does 99 divide 693?
True
Is 4939 a m